{"id":2613,"date":"2026-04-14T21:52:13","date_gmt":"2026-04-14T19:52:13","guid":{"rendered":"https:\/\/zonemobilectro.com\/?post_type=product&#038;p=2613"},"modified":"2026-04-14T21:52:13","modified_gmt":"2026-04-14T19:52:13","slug":"blender-binatone-452","status":"publish","type":"product","link":"https:\/\/zonemobilectro.com\/?product=blender-binatone-452","title":{"rendered":"Blender Binatone 452"},"content":{"rendered":"<div>Le Binatone BLG-452 est un blender puissant et polyvalent con\u00e7u pour faciliter vos pr\u00e9parations quotidiennes. Avec sa puissance de 300 \u00e0 350W et sa capacit\u00e9 de 1,5L, il permet de r\u00e9aliser facilement jus, smoothies, sauces et bien plus encore.<\/div>\n<div><\/div>\n<div>\u00c9quip\u00e9 de lames en acier inoxydable, il garantit un mixage rapide et homog\u00e8ne. Son moulin int\u00e9gr\u00e9 vous permet \u00e9galement de broyer caf\u00e9, noix et \u00e9pices. Pratique et s\u00e9curis\u00e9, il dispose de 2 vitesses + fonction pulse ainsi qu\u2019un syst\u00e8me de verrouillage.<\/div>\n<div><\/div>\n<div>Caract\u00e9ristiques :<\/div>\n<div>\u2022Puissance : 300\u2013350W avec Turbo Boost<\/div>\n<div>\u2022Capacit\u00e9 : 1,5L<\/div>\n<div>\u2022Lames en acier inoxydable<\/div>\n<div>\u20222 vitesses + fonction pulse<\/div>\n<div>\u2022Moulin int\u00e9gr\u00e9<\/div>\n<div>\u2022Couvercle anti-\u00e9claboussures<\/div>\n<div>\u2022Syst\u00e8me de s\u00e9curit\u00e9<\/div>\n<div><\/div>\n<div>Un appareil fiable, pratique et id\u00e9al pour une utilisation quotidienne en cuisine.<\/div>\n","protected":false},"excerpt":{"rendered":"<p>Le Binatone BLG-452 est un blender puissant et polyvalent con\u00e7u pour faciliter vos pr\u00e9parations quotidiennes. Avec sa puissance de 300 \u00e0 350W et sa capacit\u00e9 de 1,5L, il permet de r\u00e9aliser facilement jus, smoothies, sauces et bien plus encore. \u00c9quip\u00e9 de lames en acier inoxydable, il garantit un mixage rapide et homog\u00e8ne. Son moulin int\u00e9gr\u00e9 [&hellip;]<\/p>\n","protected":false},"featured_media":2614,"comment_status":"open","ping_status":"closed","template":"","meta":{"site-sidebar-layout":"default","site-content-layout":"","ast-site-content-layout":"default","site-content-style":"default","site-sidebar-style":"default","ast-global-header-display":"","ast-banner-title-visibility":"","ast-main-header-display":"","ast-hfb-above-header-display":"","ast-hfb-below-header-display":"","ast-hfb-mobile-header-display":"","site-post-title":"","ast-breadcrumbs-content":"","ast-featured-img":"","footer-sml-layout":"","ast-disable-related-posts":"","theme-transparent-header-meta":"default","adv-header-id-meta":"","stick-header-meta":"","header-above-stick-meta":"","header-main-stick-meta":"","header-below-stick-meta":"","astra-migrate-meta-layouts":"set","ast-page-background-enabled":"default","ast-page-background-meta":{"desktop":{"background-color":"","background-image":"","background-repeat":"repeat","background-position":"center center","background-size":"auto","background-attachment":"scroll","background-type":"","background-media":"","overlay-type":"","overlay-color":"","overlay-opacity":"","overlay-gradient":""},"tablet":{"background-color":"","background-image":"","background-repeat":"repeat","background-position":"center center","background-size":"auto","background-attachment":"scroll","background-type":"","background-media":"","overlay-type":"","overlay-color":"","overlay-opacity":"","overlay-gradient":""},"mobile":{"background-color":"","background-image":"","background-repeat":"repeat","background-position":"center center","background-size":"auto","background-attachment":"scroll","background-type":"","background-media":"","overlay-type":"","overlay-color":"","overlay-opacity":"","overlay-gradient":""}},"ast-content-background-meta":{"desktop":{"background-color":"var(--ast-global-color-5)","background-image":"","background-repeat":"repeat","background-position":"center center","background-size":"auto","background-attachment":"scroll","background-type":"","background-media":"","overlay-type":"","overlay-color":"","overlay-opacity":"","overlay-gradient":""},"tablet":{"background-color":"var(--ast-global-color-5)","background-image":"","background-repeat":"repeat","background-position":"center center","background-size":"auto","background-attachment":"scroll","background-type":"","background-media":"","overlay-type":"","overlay-color":"","overlay-opacity":"","overlay-gradient":""},"mobile":{"background-color":"var(--ast-global-color-5)","background-image":"","background-repeat":"repeat","background-position":"center center","background-size":"auto","background-attachment":"scroll","background-type":"","background-media":"","overlay-type":"","overlay-color":"","overlay-opacity":"","overlay-gradient":""}}},"product_brand":[40],"product_cat":[39],"product_tag":[],"class_list":{"0":"post-2613","1":"product","2":"type-product","3":"status-publish","4":"has-post-thumbnail","6":"product_brand-binatone","7":"product_cat-petits-electromenagers","8":"desktop-align-left","9":"tablet-align-left","10":"mobile-align-left","12":"first","13":"instock","14":"sale","15":"shipping-taxable","16":"purchasable","17":"product-type-simple"},"_links":{"self":[{"href":"https:\/\/zonemobilectro.com\/index.php?rest_route=\/wp\/v2\/product\/2613","targetHints":{"allow":["GET"]}}],"collection":[{"href":"https:\/\/zonemobilectro.com\/index.php?rest_route=\/wp\/v2\/product"}],"about":[{"href":"https:\/\/zonemobilectro.com\/index.php?rest_route=\/wp\/v2\/types\/product"}],"replies":[{"embeddable":true,"href":"https:\/\/zonemobilectro.com\/index.php?rest_route=%2Fwp%2Fv2%2Fcomments&post=2613"}],"version-history":[{"count":1,"href":"https:\/\/zonemobilectro.com\/index.php?rest_route=\/wp\/v2\/product\/2613\/revisions"}],"predecessor-version":[{"id":2615,"href":"https:\/\/zonemobilectro.com\/index.php?rest_route=\/wp\/v2\/product\/2613\/revisions\/2615"}],"wp:featuredmedia":[{"embeddable":true,"href":"https:\/\/zonemobilectro.com\/index.php?rest_route=\/wp\/v2\/media\/2614"}],"wp:attachment":[{"href":"https:\/\/zonemobilectro.com\/index.php?rest_route=%2Fwp%2Fv2%2Fmedia&parent=2613"}],"wp:term":[{"taxonomy":"product_brand","embeddable":true,"href":"https:\/\/zonemobilectro.com\/index.php?rest_route=%2Fwp%2Fv2%2Fproduct_brand&post=2613"},{"taxonomy":"product_cat","embeddable":true,"href":"https:\/\/zonemobilectro.com\/index.php?rest_route=%2Fwp%2Fv2%2Fproduct_cat&post=2613"},{"taxonomy":"product_tag","embeddable":true,"href":"https:\/\/zonemobilectro.com\/index.php?rest_route=%2Fwp%2Fv2%2Fproduct_tag&post=2613"}],"curies":[{"name":"wp","href":"https:\/\/api.w.org\/{rel}","templated":true}]}}